-6
What is -11 - (-7 + 5 + -3 + 1)?
-7
-3 + (-3 - -4) + 5 + -1
2
Evaluate 2 - 16 - (-1 + 3 + -9).
-7
What is (2 - 2 - 3) + (-2 - -8)?
3
Evaluate 1 + (-4 - -12 - 4).
5
-8 + (5 - 7 - -3)
-7
1 + (1 - 3) - 4
-5
What is 9 + 2 - (-1 - -7)?
5
0 + (-4 - (2 - -2 - 10))
2
0 + -7 + (5 - 1) + 11
8
What is 10 - 0 - (5 - 3)?
8
What is -5 - (-4 + (0 - (-4 - -4)))?
-1
Calculate 3 + (6 - 12 - 3).
-6
Calculate -4 + 1 - -6 - (15 + -9).
-3
Evaluate (-2 - -2) + -2 + (1 - -2).
1
Evaluate (-4 + 2 + 4 - 3) + 5.
4
1 - (0 - 1 - 4)
6
What is the value of 1 + -6 + 5 - -6 - -1?
7
What is -187 - -188 - (-2 - (2 + -2))?
3
Evaluate 4 + (5 - 1 - (0 + 1)).
7
What is the value of 39 + -47 - (1 + -6)?
-3
1 + 0 + 1 + 3
5
What is (1 - 1) + -1 + -2 - -3?
0
Calculate 6 + -1 + (2 - 5).
2
What is (-13 - -5) + -8 - -10?
-6
-5 + 10 + 4 + -5 - 5
-1
Evaluate -3 - (-1 + 6 - (3 - 0)).
-5
(-7 + 15 + -4 - 3) + 6
7
Calculate 4 + 0 + (-4 + -5 - 0).
-5
Evaluate 7 - (-3 + 1 + 4).
5
What is the value of 0 + 0 - (-1 + 0) - -1?
2
Evaluate -18 - -19 - (2 + 0).
-1
Calculate 5 + (-3 - 2 - 1).
-1
Calculate 6 + (-1 - (1 - 1)).
5
-5 - (-2 + 2 + -2 - -1)
-4
What is 1 - 5 - (-15 + (6 - 5))?
10
What is 1 - (-4 + 3 - -2) - 0?
0
What is 1 + 5 + -22 + 19?
3
Calculate 6 + 2 - (-1 + 6) - -2.
5
Calculate (8 - 4) + (-3 + -3 - -3).
1
0 + -4 + -4 + 11
3
What is 5 + 1 + (3 - 14) + -3?
-8
0 - (1 - -1) - -4
2
-2 + 0 + 3 + 1
2
What is the value of -2 - (0 - (0 + -3))?
-5
Calculate -1 + 7 - (10 + 11 + -14).
-1
What is the value of -1 + (-8 + 6 - -5)?
2
What is (3 - (9 - 2) - 0) + 0?
-4
Calculate (4 - (-5 + 9 - -5)) + 0.
-5
Calculate 4 + (0 - 2) + 1.
3
Evaluate 1 - (-6 + 0 + 13) - -1.
-5
6 + 1 - (-39 - -40)
6
Evaluate 0 + (1 - -2 - 1) + -6.
-4
Evaluate 51 + -52 + (0 - 2 - 2).
-5
-6 - -4 - (-1 - (-3 + 9))
5
Evaluate 1 + 11 - (4 + 1).
7
-4 - (0 - 10) - 7
-1
Evaluate -3 - (0 + -7 + (16 - 5)).
-7
Calculate 18 + (7 - 13) - 10.
2
Evaluate (1 - (2 + -2)) + 6 - 4.
3
1 - (3 + -5) - (-10 - -9)
4
What is -9 + -1 + 1 + 8?
-1
What is 7 - (3 + 1) - -2 - 3?
2
Evaluate -6 - (0 + -3 - (-3 - -1)).
-5
What is 0 + -6 + -1 + 5?
-2
-4 + (1 - (6 - 4)) + -1
-6
What is the value of 2 - (-7 + 14 + 0)?
-5
What is the value of -10 - (-3 + -6 - -6)?
-7
Calculate (-2 - -5) + -1 + -3 + 2.
1
Calculate (-2 - -3) + (-15 - (8 - 19)).
-3
Calculate 4 - (12 + -4 - -3).
-7
Calculate 36 + -35 + 1 + -2.
0
What is -10 + 9 + -7 + 18 + 0?
10
Evaluate (-4 - -5) + -3 + -2 + 1.
-3
Calculate (4 - 1) + -2 + 3.
4
Calculate (-2 - 2) + 8 - 10.
-6
Calculate -3 - (-9 - (2 - 5)).
3
Evaluate -1 + 12 + 16 + -26.
1
What is the value of (-17 - 1) + (0 - -9)?
-9
What is the value of 0 - 2 - 0 - (-2 + -1)?
1
0 + -6 - (7 + -18)
5
Calculate -3 - (5 - -1 - 4).
-5
1 + 3 - (4 + -4)
4
Evaluate (-2 - 4) + (0 - -2).
-4
Evaluate 4 + -1 - (6 + 3).
-6
0 + -6 + (-1 - -3)
-4
Calculate -4 - ((2 - -2) + 11 + -17).
-2
What is the value of -6 - (0 - (-3 + 6))?
-3
Calculate -2 - -8 - (12 + 5 + -11).
0
What is the value of (-1 - 3) + 3 - (-4 - 2)?
5
What is 6 - (6 + 1) - 2?
-3
What is -12 + (11 - 1) + 13?
11
-10 + 7 - 4 - (-1 + -3)
-3
What is the value of (1 - 3) + -1 - (3 - 7)?
1
What is 28 - 25 - (12 + -2)?
-7
-7 + -3 + (-52 - -58)
-4
What is the value of -13 - -13 - (-1 - 0 - -3)?
-2
Evaluate (1 - 1 - -3) + (-2 - 5).
-4
Evaluate -1 + (-3 - -11 - 3).
4
What is 0 + -3 + 5 + (1 - -1)?
4
Calculate (6 - 4 - (2 + -1)) + -4.
-3
Calculate -6 - -6 - (1 - (-2 - -4)).
1
Calculate -3 + 10 - 6 - -8.
9
Evaluate 5 + 9 - (11 + -2).
5
What is (-3 - -2 - -1) + 2 + -6?
-4
Evaluate 19 - (2 - -1) - 9.
7
Evaluate -2 - (4 + -9 + 4) - -7.
6
Evaluate 11 + -18 + 8 + -5.
-4
-9 - (3 + -16) - 3
1
Calculate -1 - (-5 + 4 + -3) - 1.
2
What is the value of -3 + 15 + 56 + -71?
-3
8 - (2 - (-2 + (-7 - 5)))
-8
What is 1 + (2 - 1) + 8 + -3?
7
What is (-7 - -1) + (30 - 26)?
-2
-7 + (1 - 1) - (-1 - 2)
-4
-3 + -3 + (-24 - -21)
-9
What is -12 - -12 - (-4 + 6 + -6)?
4
-10 + 4 + 2 + 4 + -8
-8
(5 + -1 - 10) + 0 - -4
-2
What is the value of 1 + (0 - (-6 - -5))?
2
Calculate -25 + 26 + (2 - 1).
2
5 - (5 - (-5 + 0))
-5
Evaluate 3 + 3 + -30 + 18.
-6
What is 1 - 3 - (-299 - -306)?
-9
-2 + 0 + -13 + 18
3
What is the value of (10 - 3) + 2 + -18?
-9
What is the value of 1 + 5 + -2 + 0?
4
Calculate 137 - 134 - (-2 - (0 + -1)).
4
Evaluate -4 + (2 - 0) + 11 + -9.
0
What is -8 + -5 + -5 + 13?
-5
(5 - (3 + 5 + -5)) + -2
0
Evaluate 3 + (3 - 2 - 2) - 4.
-2
Evaluate 0 - (6 + -5 - 1) - -5.
5
What is 11 - (-8 + -2 + 21)?
0
Calculate -4 - ((-5 - (-3 - 0)) + -1).
-1
What is the value of (-1 - (16 + -5)) + 6?
-6
Evaluate (-30 - -36) + (-1 + 1 - 1).
5
What is 1 + 1 + (1 - 8)?
-5
Calculate 3 - (1 + (1 - 3) - -7).
-3
(62 - 64) + 2 + 2
2
(1 - (2 + 1)) + -46 + 52
4
2 + -4 + 1 + -2
-3
Calculate (-6 - (5 + -6 + -11)) + -14.
-8
What is 0 + 2 + 0 - 2?
0
3 + -1 + 3 + -11 + 11
5
3 - (2 + 0 - 3)
4
(13 + -25 - -3) + 6
-3
Calculate 11 + -12 + 5 + 1.
5
Evaluate (-18 - -18) + (1 - 3).
-2
What is -4 - (-3 + -1) - (1 + 2)?
-3
What is 5 - (3 + (-4 - -1)) - 1?
4
What is 1 + -3 + 3 - 2?
-1
What is the value of (0 - -8) + -16 + 8?
0
Evaluate 22 + (11 - 10 - 13).
10
What is the value of 5 - (3 - ((-7 - -5) + 6))?
6
Calculate -2 - ((-5 - -2) + -2).
3
Calculate (1 - 6) + -62 + 66.
-1
Calculate 4 + (1 - (4 - (4 - 1))).
4
Evaluate (-89 - -84) + -2 + 8.
1
What is the value of (6 - (0 - -4)) + (1 - 8)?
-5
What is -3 - 9 - (-22 + 12)?
-2
Calculate 3 + -11 + 0 + 12 + -11.
-7
What is the value of 4 + -5 - 0 - 4?
-5
What is 12 + -7 - 6 - 2?
-3
Evaluate -4 + 4 + -10 + 6.
-4
-2 - (-8 - (2 + -4))
4
Calculate -10 - (-18 - (-9 + 8)).
7
-4 + 2 + 5 + 2 + 0
5
-3 - -4 - (-10 + 4 + 4)
3
Evaluate -1 - ((-18 - 3) + 6) - 4.
10
What is the value of -8 + 10 + 3 + -3?
2
Calculate 2 - -1 - (55 + -43).
-9
What is the value of -5 + (4 + 0 - 1)?
-2
-3 + 1 - (-2 - (-1 - -1))
0
Evaluate (-5 - -12 - 13) + 5.
-1
What is 15 + (-4 - -9) + -11?
9
What is the value of -2 + -3 + 3 - -1?
-1
Calculate 2 + -14 + -24 + 30.
-6
-4 + (6 - 11) - -2
-7
What is the value of 2 + 4 + (41 - 34) - 5?
8
What is the value of -7 - (-1 + -4 + -6)?
4
Evaluate 2 + (11 - 6 - (1 - -1)).
5
Evaluate -2 - (-4 + 7 - 1).
-4
(2 - -5) + -2 + -6
-1
What is the value of -5 - (-1 - -3) - (-54 - -46)?
1
Evaluate -3 + 0 + (-3 - -8) - -1.
3
What is -2 - (-2 - (1 + -4 + 4))?
1
What is 6 + 4 + (6 - 17)?
-1
Calculate (-4 - -7) + (-35 - -22).
-10
What is the value of 3 + -4 - (-9 - -3)?
5
Evaluate 5 + 6 + -5 + 0.
6
What is the value of (4 - 2) + -1 - (3 - 4)?
2
What is the value of 5 - (-5 + (7 - (-2 + -3)))?
-2
What is the value of (1 - (1 - 4)) + -15 + 21?
10
What is 1 - 5 - (-13 + 13) - -4?
0
What is 5 + (-1 - (-3 - -5)) - -2?
4
Calculate 3 - (15 + -11) - (1 - 0).
-2
What is the value of 7 + -11 + (5 - -2 - 9)?
-6
What is the value of 7 + 0 - (175 + -171)?
3
Calculate 0 - ((6 + -3 - -4) + -2).
-5
Evaluate (-14 - (-18 - -2)) + (1 - -3).
6
Calculate -7 + (7 - (-3 + 1) - -7).
9
2 - (9 - (-1 + 6))
-2
What is the value of (-5 - -1) + (-3 - -2)?
-5
Evaluate -6 - (3 + 4 + -9).
-4
Evaluate -2 + 4 - (8 + -3 - 0).
-3
What is (-6 - (-2 - -1)) + 6?
1
Calculate 8 - (5 + (0 + 4 - 5)).
4
Evaluate -5 - (12 + -18 - (-4 + -1)).
-4
0 + 3 - (-1 + 0)
4
What is the value of -3 + (5 - 5 - -3)?
0
-8 - (-4 + 6 + -9 + 2)
-3
What is the value of (2 + -2 - 7) + 5?
-2
Calculate -3 - ((-3 - 0) + (-2 - 1)).
3
Calculate -1 + -10 + 23 - 14.
-2
What is the value of -4 - -2 - -5 - -1?
4
2 - ((2 - -3) + 2)
-5
What is the value of (0 + -1 - -8) + -3 + -2?
2
What is (23 - 27) + 5 - (1 - -7)?
-7
-2 + 8 + (0 - -1 - 3)
4
What is -6 + 2 + -1 - (1 + -1)?
-5
What is (-7 - -14) + (2 - 11)?
-2
Evaluate 4 + 8 + (-20 - 0).
-8
What is the value of 5 + (-11 - 1) + 3?
-4
-4 + -4 + -1 + 5
-4
Evaluate 28 + -26 - (1 + 4).
-3
Calculate 1 - (-8 - (-11 - -4)) - -7.
9
Evaluate 6 - (-1 + 7 + -7 - 2).
9
-5 - -9 - -3 - 13
-6
What is ((3 - -4) + -4 - 2) + 6?
7
Calculate -1 + -3 - (3 - 3).
-4
Calculate (2 - 12) + -19 + 34.
5
Evaluate -6 - ((2 - (-6 - -9)) + -11).
6
What is the value of 70 + -64 - (4 + -2 + 2)?
2
Calculate -25 + 35 - (1 - -4).
5
-6 - 3 - (1 - -1) - -6
-5
Evaluate 4 - 5 - 3 - 0.
-4
11 + -6 + 0 + -6
-1
What is 5 + 0 + -7 + 1?
-1
What is 0 - (-8 - -1 - (-55 - -54))?
6
What is the value of 1 + (-1 - (-5 + 3))?
2
What is the value of 6 - (2 + (-2 - 6) - -6)?
6
What is -2 + 1 + 18 + -11?
6
Evaluate -5 + 3 